ed by 30?
22
Calculate the remainder when 255 is divided by 68.
51
Calculate the remainder when 435 is divided by 13.
6
Calculate the remainder when 180 is divided by 20.
0
Calculate the remainder when 538 is divided by 182.
174
What is the remainder when 179 is divided by 26?
23
Calculate the remainder when 301 is divided by 36.
13
Calculate the remainder when 1097 is divided by 67.
25
Calculate the remainder when 1544 is divided by 103.
102
Calculate the remainder when 132 is divided by 33.
0
What is the remainder when 7075 is divided by 12?
7
Calculate the remainder when 36 is divided by 13.
10
What is the remainder when 382 is divided by 124?
10
What is the remainder when 232 is divided by 61?
49
What is the remainder when 1341 is divided by 19?
11
What is the remainder when 195 is divided by 3?
0
What is the remainder when 215 is divided by 102?
11
What is the remainder when 4 is divided by 2?
0
What is the remainder when 1163 is divided by 117?
110
What is the remainder when 9347 is divided by 19?
18
What is the remainder when 6194 is divided by 2060?
14
What is the remainder when 1774 is divided by 58?
34
What is the remainder when 208 is divided by 30?
28
What is the remainder when 425 is divided by 219?
206
Calculate the remainder when 4263 is divided by 54.
51
What is the remainder when 369 is divided by 127?
115
Calculate the remainder when 207 is divided by 102.
3
Calculate the remainder when 1071 is divided by 37.
35
What is the remainder when 26957 is divided by 40?
37
Calculate the remainder when 59 is divided by 29.
1
Calculate the remainder when 312 is divided by 43.
11
Calculate the remainder when 78 is divided by 9.
6
What is the remainder when 3769 is divided by 164?
161
Calculate the remainder when 985 is divided by 21.
19
What is the remainder when 25385 is divided by 53?
51
Calculate the remainder when 270 is divided by 85.
15
Calculate the remainder when 238 is divided by 24.
22
Calculate the remainder when 417 is divided by 21.
18
Calculate the remainder when 340 is divided by 57.
55
Calculate the remainder when 296 is divided by 11.
10
Calculate the remainder when 278 is divided by 70.
68
What is the remainder when 703 is divided by 44?
43
What is the remainder when 1144 is divided by 31?
28
What is the remainder when 85 is divided by 39?
7
Calculate the remainder when 31 is divided by 17.
14
Calculate the remainder when 596 is divided by 62.
38
Calculate the remainder when 7 is divided by 5.
2
What is the remainder when 1676 is divided by 346?
292
Calculate the remainder when 782 is divided by 73.
52
What is the remainder when 1398 is divided by 456?
30
What is the remainder when 488 is divided by 68?
12
Calculate the remainder when 1733 is divided by 87.
80
Calculate the remainder when 987 is divided by 453.
81
Calculate the remainder when 258 is divided by 33.
27
Calculate the remainder when 1190 is divided by 57.
50
Calculate the remainder when 2529 is divided by 842.
3
Calculate the remainder when 617 is divided by 57.
47
What is the remainder when 432 is divided by 101?
28
What is the remainder when 573 is divided by 3?
0
Calculate the remainder when 169 is divided by 150.
19
Calculate the remainder when 6120 is divided by 321.
21
Calculate the remainder when 10089 is divided by 174.
171
Calculate the remainder when 75 is divided by 35.
5
Calculate the remainder when 962 is divided by 5.
2
Calculate the remainder when 12093 is divided by 6043.
7
What is the remainder when 219 is divided by 4?
3
Calculate the remainder when 773 is divided by 20.
13
What is the remainder when 1209 is divided by 90?
39
Calculate the remainder when 1393 is divided by 450.
43
Calculate the remainder when 1778 is divided by 54.
50
What is the remainder when 375 is divided by 49?
32
Calculate the remainder when 672 is divided by 320.
32
What is the remainder when 31 is divided by 27?
4
What is the remainder when 1415 is divided by 29?
23
Calculate the remainder when 197 is divided by 25.
22
What is the remainder when 115 is divided by 67?
48
What is the remainder when 192 is divided by 68?
56
Calculate the remainder when 317 is divided by 119.
79
What is the remainder when 2862 is divided by 261?
252
What is the remainder when 21 is divided by 3?
0
Calculate the remainder when 725 is divided by 43.
37
What is the remainder when 415 is divided by 10?
5
What is the remainder when 7034 is divided by 176?
170
What is the remainder when 111 is divided by 97?
14
Calculate the remainder when 46 is divided by 12.
10
What is the remainder when 528 is divided by 111?
84
What is the remainder when 121 is divided by 16?
9
Calculate the remainder when 6278 is divided by 40.
38
Calculate the remainder when 197 is divided by 34.
27
What is the remainder when 34 is divided by 28?
6
What is the remainder when 587 is divided by 257?
73
Calculate the remainder when 407 is divided by 60.
47
Calculate the remainder when 338 is divided by 77.
30
What is the remainder when 22 is divided by 6?
4
What is the remainder when 73 is divided by 38?
35
Calculate the remainder when 883 is divided by 17.
16
What is the remainder when 6001 is divided by 76?
73
What is the remainder when 1536 is divided by 77?
73
Calculate the remainder when 1076 is divided by 77.
75
Calculate the remainder when 2183 is divided by 89.
47
Calculate the remainder when 973 is divided by 25.
23
Calculate the remainder when 135 is divided by 125.
10
What is the remainder when 346 is divided by 226?
120
Calculate the remainder when 740 is divided by 39.
38
What is the remainder when 167 is divided by 51?
14
Calculate the remainder when 106 is divided by 104.
2
Calculate the remainder when 1070 is divided by 89.
2
What is the remainder when 339 is divided by 142?
55
Calculate the remainder when 67 is divided by 14.
11
What is the remainder when 45 is divided by 29?
16
What is the remainder when 129 is divided by 42?
3
What is the remainder when 12872 is divided by 111?
107
Calculate the remainder when 87 is divided by 13.
9
Calculate the remainder when 749 is divided by 9.
2
Calculate the remainder when 119 is divided by 44.
31
What is the remainder when 525 is divided by 23?
19
Calculate the remainder when 105 is divided by 20.
5
What is the remainder when 855 is divided by 39?
36
Calculate the remainder when 153 is divided by 33.
21
What is the remainder when 194 is divided by 97?
0
Calculate the remainder when 1006 is divided by 21.
19
What is the remainder when 1252 is divided by 38?
36
Calculate the remainder when 1013 is divided by 208.
181
Calculate the remainder when 4768 is divided by 30.
28
What is the remainder when 285 is divided by 18?
15
What is the remainder when 659 is divided by 20?
19
What is the remainder when 1068 is divided by 153?
150
Calculate the remainder when 942 is divided by 313.
3
What is the remainder when 400 is divided by 45?
40
What is the remainder when 4857 is divided by 113?
111
Calculate the remainder when 1014 is divided by 500.
14
Calculate the remainder when 534 is divided by 107.
106
Calculate the remainder when 275 is divided by 137.
1
Calculate the remainder when 897 is divided by 60.
57
What is the remainder when 1688 is divided by 833?
22
Calculate the remainder when 327 is divided by 67.
59
What is the remainder when 6502 is divided by 2166?
4
Calculate the remainder when 3767 is divided by 24.
23
What is the remainder when 400 is divided by 12?
4
Calculate the remainder when 307 is divided by 18.
1
Calculate the remainder when 237 is divided by 27.
21
What is the remainder when 239 is divided by 40?
39
Calculate the remainder when 728 is divided by 15.
8
Calculate the remainder when 25 is divided by 13.
12
What is the remainder when 2682 is divided by 158?
154
What is the remainder when 826 is divided by 32?
26
What is the remainder when 160 is divided by 56?
48
What is the remainder when 525 is divided by 44?
41
Calculate the remainder when 104 is divided by 46.
12
Calculate the remainder when 202 is divided by 200.
2
What is the remainder when 878 is divided by 7?
3
What is the remainder when 213 is divided by 76?
61
Calculate the remainder when 269 is divided by 18.
17
Calculate the remainder when 84 is divided by 15.
9
What is the remaind